*k(h) + 5*s(h). Suppose 0 = -4*o + 24 - 8. List the prime factors of p(o).
2, 3
Let p(o) = 8*o + 340. Let d be p(-38). Suppose 58589 = d*z + 10925. What are the prime factors of z?
2, 331
Suppose -226191 = -105*z + 49581 + 270438. What are the prime factors of z?
2, 3, 17
Let f(p) = 8*p**2 + 41*p + 56. List the prime factors of f(-11).
3, 191
Let r be (-4)/(-18) + (-642)/(-27). Suppose r = -4*t - 2*z, 0 = 3*t - 2*t - 5*z + 6. List the prime factors of (0 - 65/2)/(3/t).
5, 13
Let l = 142 + -92. Suppose 45*z + 15 = l*z. List the prime factors of (-39)/(-9)*(0 + z).
13
Suppose 0 = 4*r - 2*x - 16, 1 - 17 = -4*x. List the prime factors of (93/2)/(r/44)*1.
11, 31
Suppose -2*x = -5*u - 124961, -2*u = -4*x - 48298 + 298180. List the prime factors of x.
2, 7, 23, 97
Let p = -6302 + 10795. List the prime factors of p.
4493
Let w(v) = -2*v + 21. Let c be w(9). Suppose -6*g + 4*p = -g - 17, -2*p - c = 3*g. Let r(b) = 75*b**2 - b. List the prime factors of r(g).
2, 37
Suppose -124*n - 13630 = -1354. Suppose -4 = i + 3*t + 39, -95 = 2*i + 3*t. Let d = i - n. List the prime factors of d.
47
Suppose -3449 = -4*g - 56*f + 53*f, 0 = 2*g + 5*f - 1707. What are the prime factors of g?
2, 433
Let y(z) = 1888*z**2 + 163*z + 883. List the prime factors of y(-5).
2, 3, 13, 101
Let m = -2429 + 14826. Suppose -9*t + m = 14*t. What are the prime factors of t?
7, 11
Let l(x) = x**3 - 7*x**2 + 11*x. Let s be l(5). Suppose 2*k + 5 = 7*k. Suppose -5*z = -z - s*f - k, -2*z - 1 = -3*f. List the prime factors of z.
2
Let o(u) = -2*u**2 + 29*u - 106. Let n be o(22). Let v = n - -1046. What are the prime factors of v?
2, 5, 61
Let q(s) = 20*s + 85. Let f(n) = 4*n + 17. Let g(x) = -11*f(x) + 2*q(x). Let w be g(-5). What are the prime factors of (w - (5 + 0 + -3))*263?
263
Suppose z + 18*z = 114. What are the prime factors of (-1068)/(-24) + (-1 - (-3)/z)?
2, 11
Let i(s) = s**3 - 8*s**2 + 7*s - 3. Let g be i(8). Suppose 3*w = -5*d + 1076, 0 = -4*w + 2*d - g + 1505. List the prime factors of w.
2, 181
Let r(w) = 83*w + 856. List the prime factors of r(13).
3, 5, 43
Let a(u) be the third derivative of -7*u**4/2 - 8*u**3/3 + 2*u**2 + 4*u. What are the prime factors of a(-6)?
2, 61
Let h(g) be the third derivative of -1/120*g**6 + 0 - 7/8*g**4 + 17/6*g**3 + 13/60*g**5 + 0*g + 22*g**2. What are the prime factors of h(9)?
2, 19
Suppose 0 = 4567*k - 4558*k - 26919. List the prime factors of k.
3, 997
Suppose y - 2*n - 6 = -2*y, -4*y + 13 = -n. Suppose -5*s + 4*t = -1015 + 155, -y*s + 3*t + 688 = 0. What are the prime factors of s?
2, 43
Suppose 15866 = c + 9283 - 19090. What are the prime factors of c?
25673
List the prime factors of (-7 + -1886)*4*(-36)/8.
2, 3, 631
Suppose -1 - 11 = -4*k. Let c be 2410/30 - 5/15. Suppose -83 = -k*o - 2*v, -4*o = -o - v - c. What are the prime factors of o?
3
Suppose -101*l - 5578020 = -215*l. List the prime factors of l.
2, 3, 5, 7, 233
Suppose 0 = -2*h - 5*i + 80, 5*h - 181 = -i - 27. Suppose -h = -5*k - 5*d, 4*k + 0*d = 3*d - 4. What are the prime factors of 67*3/k*18/27?
67
Let m(z) = 101*z - 66. Let r(u) = -25*u + 16. Let l(o) = -4*m(o) - 18*r(o). List the prime factors of l(6).
2, 3, 7
Let g be 2/7 - (-468)/126. Suppose -2 = 2*o, -2 = -b - g*b + 2*o. Suppose 5*r + 161 - 536 = b. List the prime factors of r.
3, 5
Let b(m) = 74*m + 5. Let d be b(0). Suppose -4*c - 6*a + 432 = -2*a, 516 = d*c - a. List the prime factors of c.
2, 13
Let g = -26 + 28. Suppose 8 = g*a, o - 291 - 125 = -5*a. List the prime factors of o.
2, 3, 11
Suppose -5*p = -11762 - 3528. List the prime factors of p.
2, 11, 139
Let g(a) = -a**3 - 22*a**2 - 42*a + 22. Let c = 18 + -38. What are the prime factors of g(c)?
2, 31
Suppose -4*v - m = -3*m - 220, -v + 45 = -3*m. Let l = 59 - v. Suppose 34 = 5*u + 4*h, u + 4*h - l*h - 8 = 0. List the prime factors of u.
2, 3
Let h = -35 + 54. List the prime factors of h/((-6)/(-330)*5).
11, 19
Let g(r) = -14*r - 163*r - 9 - 3*r + 32. What are the prime factors of g(-6)?
1103
Suppose -w = -2, 3*f + 1104*w = 1099*w + 50995. List the prime factors of f.
3, 5, 11, 103
Let u be (0/(-1) + 2)*(-60)/(-40). Suppose -u = -f + 4*w + 38, -4*f = 5*w - 59. Suppose -r = f - 78. List the prime factors of r.
3, 19
Let a be 296/((-10)/(-8 + 3)). Suppose -3*h + 7 - a = 0. List the prime factors of (1 - h)*(-6 - -9).
2, 3
Let q be (-16)/(-9) + ((-88)/(-36))/11. Suppose 186 = 2*t + 5*s, -s - q - 84 = -t. List the prime factors of t.
2, 11
List the prime factors of -14*((-11)/44)/((-4)/(-76360)).
5, 7, 23, 83
Suppose -t + 136 = 5*m - 669, -2*m - 3*t = -322. Suppose -6624 = -m*f + 153*f. What are the prime factors of f?
2, 3, 23
Let y(i) = 52*i**2 - 30*i + 458. What are the prime factors of y(12)?
2, 3793
Suppose 0 = 137*z + 672817 - 4955848. List the prime factors of z.
3, 17, 613
Suppose -17*o + 176816 = -2*o - 35839. List the prime factors of o.
14177
Let c = -26 - -74. Suppose -a + c = 332. Let z = -195 - a. List the prime factors of z.
89
Let k(r) = 6 + 4*r + 5 + 0*r + r - r**2. Let b be k(6). Suppose -155 = -0*t - b*t. List the prime factors of t.
31
Let z = -16399 + 23482. List the prime factors of z.
3, 787
Suppose 59 + 16 = 15*v. Suppose 0 = -10*s - v*s + 870. List the prime factors of s.
2, 29
Let v = -102 - -102. Suppose -s + 549 + 10 = v. What are the prime factors of s?
13, 43
Suppose -11062 = -5*x - 5*p + p, -3*x - 4*p + 6634 = 0. Suppose 0 = 13*t - 854 - x. List the prime factors of t.
2, 59
Let t be 1/(3 + (-1029)/342). Let m = 362 + t. What are the prime factors of m?
2, 31
Let o(g) = -21*g - 56. Let a(n) = -14*n + 36. Let k be a(3). What are the prime factors of o(k)?
2, 5, 7
Suppose -q + 2*i = 2 - 4, 5*i = -5. Suppose -4*t - 28 = z - q, 4*t = -5*z - 44. List the prime factors of 90/(-35)*28/t.
2, 3
What are the prime factors of (-1970416)/(-63) + 68/(-153)?
2, 7, 1117
Let l(z) be the third derivative of 5*z**2 - 1/12*z**4 + 0 + 11*z**3 + 0*z. List the prime factors of l(-25).
2, 29
Suppose 16*g - 304 = 16. Suppose -g*o - 280 + 1320 = 0. List the prime factors of o.
2, 13
Suppose 0 = -59*m + 150258 + 53410. What are the prime factors of m?
2, 863
Let r be 99/11*(0 + 1). Suppose -1 + r = -2*g. What are the prime factors of g/((-4)/29)*1?
29
Suppose 0 = -2*h - 1 + 25. Suppose -z + h = 3*z. Let g(r) = 34*r - 3. List the prime factors of g(z).
3, 11
Let m = -81 - -29. Let o = 55 + m. Suppose 1008 = o*l + 204. List the prime factors of l.
2, 67
What are the prime factors of 1/(-2) + 28/(-8) + 43 + 9679?
2, 43, 113
Suppose -13*r + 1296 = -7*r. Suppose -2*x + 52 = -r. List the prime factors of x.
2, 67
Suppose 0 = -2*t + 3*b + 22, -5*t - 4*b = b - 5. Suppose -4*n - 5*u = -n - 395, -t*n - 2*u + 652 = 0. List the prime factors of -6*7/63 - n/(-6).
3, 7
Suppose -304 = -27*z + 8*z. Suppose 0 = 5*q + z*q - 7917. List the prime factors of q.
13, 29
Let s(b) = 2*b**2 - 7*b + 11. Let i = 0 + -41. Let x = 35 + i. List the prime factors of s(x).
5
Let o be ((-48)/9)/((-11)/11088). Suppose -12*h + o = -5*h. List the prime factors of h.
2, 3
What are the prime factors of (-24)/((-48)/47810) - 14?
7, 3413
Suppose 3*u + 4*o = 867, 18*u = 14*u + 2*o + 1134. List the prime factors of u.
3, 5, 19
Suppose -2*z + 7*z + 645 = 3*c, 0 = 4*z. Let n = 9 + -6. Suppose -v = n*s - 305, 0 = -2*s - 3*v - 0*v + c. List the prime factors of s.
2, 5
Let q(i) = i + 8. Let u be q(-6). Let f be u*(-1)/2*-4. Suppose -4*x - 3*c = -264, 0 = 4*x + 9*c - f*c - 256. List the prime factors of x.
3, 23
Let a be (-10)/30*3/1*-246. Suppose 2*r - a = 5*r. List the prime factors of (0 - r) + -1 + 1.
2, 41
Let x = 12261 + 25793. List the prime factors of x.
2, 53, 359
Let x = -2660 + 4102. What are the prime factors of x?
2, 7, 103
Let z(b) = -698*b**3 + 8*b**2 + 11*b + 30. List the prime factors of z(-3).
3, 5, 13, 97
Let h(n) = n - 21. Let k be h(23). Suppose 3*g + s - 10 + 3 = 0, k*g - 3 = s. Let b(a) = 14*a**2 + 4*a - 3. What are the prime factors of b(g)?
61
Suppose 8*x = -2*x + 3880. Let b = x + -73. What are the prime factors of b?
3, 5, 7
Let i(v) be the second derivative of 13*v**3/2 + 31*v**2 - 6*v + 5. List the prime factors of i(5).
257
Let s(w) = 8*w - 247. Let f be s(31). List the prime factors of (f - 3798/(-6)) + -2.
2, 79
Let k = -48 + 57. Suppose k*t + 557 = 3491. List the prime